{"id":27,"date":"2008-05-20T12:00:54","date_gmt":"2008-05-20T15:00:54","guid":{"rendered":"http:\/\/blog.decade.com.br\/?page_id=27"},"modified":"2011-06-03T14:17:00","modified_gmt":"2011-06-03T17:17:00","slug":"leia-me","status":"publish","type":"page","link":"https:\/\/blog.decade.com.br\/?page_id=27","title":{"rendered":"Leia-Me"},"content":{"rendered":"<p><strong>Ol\u00e1 Visitante!<\/strong><\/p>\n<p align=justify>Seja Bem Vindo ao <a href=\"http:\/\/blog.decade.com.br\">BLOG<\/a>! Nosso compromisso \u00e9  compartilhar experi\u00eancias, dicas e informa\u00e7\u00f5es sobre produtividade e desenvolvimento pessoal. Fique \u00e0 vontade para explorar.<\/p>\n<p align=justify>\n<a href=\"http:\/\/blog.decade.com.br\/wp-login.php?action=register\">Registre-se<\/a> para comentar os artigos e receber informa\u00e7\u00f5es de acesso ao nosso <a href=\"https:\/\/decade.dv01.discovirtual.ws\"><del>DiscoVirtual<\/del><\/a> com todo o material de apoio utilizado.<\/p>\n<p align=justify>\n<strong>LEIA COM ATEN\u00c7\u00c3O<\/strong><\/p>\n<p align=justify>\nO <a href=\"http:\/\/blog.decade.com.br\">BLOG<\/a> \u00e9 p\u00fablico e aberto. <em>Evite fazer men\u00e7\u00e3o a coisas relacionadas \u00e0 pirataria<\/em>.<\/p>\n<p align=justify>\nOs primeiros coment\u00e1rios enviados ao <a href=\"http:\/\/blog.decade.com.br\">BLOG<\/a>, por novos associados, necessitam de aprova\u00e7\u00e3o afim de evitarmos &#8220;<em>spam<\/em>&#8221; e coment\u00e1rios maldosos.<\/p>\n<p align=justify>\n<strong>Voc\u00ea Pode:<\/strong><\/p>\n<p align=justify>\n&#8211; Copiar, Distribuir, Exibir e Executar a Obra;<\/p>\n<p align=justify>\n<strong>Sob a Seguinte Condi\u00e7\u00e3o:<\/strong><\/p>\n<p align=justify>\n&#8211; Mencionar de forma clara a fonte mediante autoriza\u00e7\u00e3o do Autor\/Editor\/Colaborador ou Licenciante;<\/p>\n<p align=justify>\n<em>Qualquer direito de uso leg\u00edtimo (ou &#8220;fair user&#8221;) concedido por lei, ou qualquer outro direito protegido pela legisla\u00e7\u00e3o local, n\u00e3o s\u00e3o em hip\u00f3tese alguma afetados pelo disposto acima.<\/em><\/p>\n<p align=justify>\nO <a href=\"http:\/\/blog.decade.com.br\">BLOG<\/a> proporcionam aos associados um local de encontro, intera\u00e7\u00e3o e troca de id\u00e9ias. Como acontece em uma comunidade real, pode haver diverg\u00eancia entre as suas opini\u00f5es e as de outras pessoas da comunidade e, assim como ocorre na realidade.<\/p>\n<p align=justify>\nA experi\u00eancia com o <a href=\"http:\/\/blog.decade.com.br\">BLOG<\/a> \u00e9 melhor aproveitado quando as pessoas seguem regras comuns. E aqui est\u00e3o algumas regras importantes a ser lembradas:<\/p>\n<p align=justify>\n<strong>1.<\/strong> N\u00e3o importune, ameasse ou abuse de outros associados;<br \/>\n<strong>2.<\/strong> N\u00e3o poste conte\u00fado obsceno ou de car\u00e1cter censur\u00e1vel;<br \/>\n<strong>3.<\/strong> Tente manter-se dentro do t\u00f3pico de discuss\u00e3o. Se desejar discutir um t\u00f3pico que n\u00e3o esteja relacionado \u00e0 \u00e1rea da comunidade da qual est\u00e1 participando, v\u00e1 para outra \u00e1rea de t\u00f3pico ou crie uma nova \u00e1rea;<br \/>\n<strong>4.<\/strong> Evite usar os servi\u00e7os da comunidade para objetivos comerciais, de propaganda ou qualquer objetivo ilegal. N\u00e3o fa\u00e7a &#8220;spam&#8221; ou postagem em quantidade por meio dos m\u00e9todos automatizados;<br \/>\n<strong>5.<\/strong> N\u00e3o poste conte\u00fado que viole os direitos legais de terceiros, tal como material difamat\u00f3rio ou que fa\u00e7a uso de conte\u00fado protegido por leis de direitos autorais, sem permiss\u00e3o do propriet\u00e1rio;<\/p>\n<p align=justify>\nO <a href=\"http:\/\/blog.decade.com.br\">BLOG<\/a> est\u00e1 sob licen\u00e7a Decade Technologies.<\/p>\n<p align=justify>\nAtenciosamente,<\/p>\n<p align=justify>\n<strong>Decade Technologies<\/strong><br \/>\n<a href=\"http:\/\/blog.decade.com.br\">blog.decade.com.br<\/a><\/p>\n","protected":false},"excerpt":{"rendered":"<p>Ol\u00e1 Visitante! Seja Bem Vindo ao BLOG! Nosso compromisso \u00e9 compartilhar experi\u00eancias, dicas e informa\u00e7\u00f5es sobre produtividade e desenvolvimento pessoal. Fique \u00e0 vontade para explorar. Registre-se para comentar os artigos e receber informa\u00e7\u00f5es de acesso ao nosso DiscoVirtual com todo o material de apoio utilizado. LEIA COM ATEN\u00c7\u00c3O O BLOG \u00e9 p\u00fablico e aberto. Evite [&hellip;]<\/p>\n","protected":false},"author":472,"featured_media":0,"parent":0,"menu_order":10,"comment_status":"closed","ping_status":"closed","template":"","meta":{"footnotes":""},"class_list":["post-27","page","type-page","status-publish","hentry"],"_links":{"self":[{"href":"https:\/\/blog.decade.com.br\/index.php?rest_route=\/wp\/v2\/pages\/27","targetHints":{"allow":["GET"]}}],"collection":[{"href":"https:\/\/blog.decade.com.br\/index.php?rest_route=\/wp\/v2\/pages"}],"about":[{"href":"https:\/\/blog.decade.com.br\/index.php?rest_route=\/wp\/v2\/types\/page"}],"author":[{"embeddable":true,"href":"https:\/\/blog.decade.com.br\/index.php?rest_route=\/wp\/v2\/users\/472"}],"replies":[{"embeddable":true,"href":"https:\/\/blog.decade.com.br\/index.php?rest_route=%2Fwp%2Fv2%2Fcomments&post=27"}],"version-history":[{"count":0,"href":"https:\/\/blog.decade.com.br\/index.php?rest_route=\/wp\/v2\/pages\/27\/revisions"}],"wp:attachment":[{"href":"https:\/\/blog.decade.com.br\/index.php?rest_route=%2Fwp%2Fv2%2Fmedia&parent=27"}],"curies":[{"name":"wp","href":"https:\/\/api.w.org\/{rel}","templated":true}]}}